{"id":98,"date":"2026-04-17T08:59:00","date_gmt":"2026-04-17T08:59:00","guid":{"rendered":"https:\/\/new.pasiekauanety.pl\/pasieka-2\/"},"modified":"2026-04-17T10:16:36","modified_gmt":"2026-04-17T10:16:36","slug":"pasieka-2","status":"publish","type":"page","link":"https:\/\/new.pasiekauanety.pl\/pasieka-2\/","title":{"rendered":"Pasieka"},"content":{"rendered":"\t<section class=\"relative overflow-hidden\">\n\t\t<div class=\"absolute inset-0\">\n\t\t\t<img decoding=\"async\" src=\"http:\/\/new.pasiekauanety.pl\/wp-content\/uploads\/2026\/04\/apiary.jpg\" alt=\"Widok na pasiek\u0119 u Anety\" class=\"w-full h-full object-cover\">\t\t\t<div class=\"absolute inset-0 bg-gradient-to-r from-honey-deep\/80 via-honey-deep\/55 to-transparent\"><\/div>\n\t\t<\/div>\n\t\t<div class=\"relative container py-24 md:py-36\">\n\t\t\t<div class=\"max-w-2xl text-background\">\n\t\t\t\t\t\t\t\t\t<span class=\"inline-flex items-center gap-2 px-4 py-1.5 rounded-full bg-background\/15 backdrop-blur-sm border border-background\/20 text-sm font-medium mb-5\">\n\t\t\t\t\t\t<svg xmlns=\"http:\/\/www.w3.org\/2000\/svg\" viewBox=\"0 0 24 24\" class=\"h-3.5 w-3.5\" fill=\"none\" stroke=\"currentColor\" stroke-width=\"2\" stroke-linecap=\"round\" stroke-linejoin=\"round\" aria-hidden=\"true\" focusable=\"false\"><path d=\"M20 10c0 5-8 12-8 12S4 15 4 10a8 8 0 1 1 16 0Z\"><\/path><circle cx=\"12\" cy=\"10\" r=\"3\"><\/circle><\/svg>\t\t\t\t\t\tAdres\t\t\t\t\t<\/span>\n\t\t\t\t\t\t\t\t<h1 class=\"font-display text-5xl md:text-6xl lg:text-7xl font-bold leading-[0.95] mb-5\">Nasza <em class=\"text-primary-glow not-italic\">pasieka<\/em><\/h1>\n\t\t\t\t\t\t\t\t\t<p class=\"text-lg md:text-xl opacity-90 max-w-xl leading-relaxed\">15 uli rozsiane w\u015br\u00f3d \u0142\u0105k, sad\u00f3w i lip. Z dala od p\u00f3l uprawnych, blisko natury i serca<\/p>\n\t\t\t\t\t\t\t<\/div>\n\t\t<\/div>\n\t<\/section>\n\t\n\n\t<section class=\"container py-20\">\n\t\t\t\t<div class=\"grid md:grid-cols-3 gap-6\">\n\t\t\t\t\t\t\t<div class=\"bg-card border border-border rounded-3xl p-8 shadow-soft hover:shadow-honey transition-shadow\">\n\t\t\t\t\t<div class=\"h-14 w-14 rounded-2xl bg-gradient-honey flex items-center justify-center mb-5 shadow-honey\">\n\t\t\t\t\t\t<svg xmlns=\"http:\/\/www.w3.org\/2000\/svg\" viewBox=\"0 0 24 24\" class=\"h-6 w-6 text-primary-foreground\" fill=\"none\" stroke=\"currentColor\" stroke-width=\"2\" stroke-linecap=\"round\" stroke-linejoin=\"round\" aria-hidden=\"true\" focusable=\"false\"><path d=\"M11 20A7 7 0 0 1 4 13c0-6 8-9 16-9 0 8-3 16-9 16Z\"><\/path><path d=\"M4 20c4-4 8-8 16-16\"><\/path><\/svg>\t\t\t\t\t<\/div>\n\t\t\t\t\t<h3 class=\"font-display text-2xl font-semibold mb-2\">2 pasieczyska<\/h3>\n\t\t\t\t\t<p class=\"text-muted-foreground leading-relaxed\">\u0142\u0105ka, sad jab\u0142oniowy, las lipowy<\/p>\n\t\t\t\t<\/div>\n\t\t\t\t\t\t\t<div class=\"bg-card border border-border rounded-3xl p-8 shadow-soft hover:shadow-honey transition-shadow\">\n\t\t\t\t\t<div class=\"h-14 w-14 rounded-2xl bg-gradient-honey flex items-center justify-center mb-5 shadow-honey\">\n\t\t\t\t\t\t<svg xmlns=\"http:\/\/www.w3.org\/2000\/svg\" viewBox=\"0 0 24 24\" class=\"h-6 w-6 text-primary-foreground\" fill=\"none\" stroke=\"currentColor\" stroke-width=\"2\" stroke-linecap=\"round\" stroke-linejoin=\"round\" aria-hidden=\"true\" focusable=\"false\"><path d=\"m12 3 1.8 5.2L19 10l-5.2 1.8L12 17l-1.8-5.2L5 10l5.2-1.8Z\"><\/path><path d=\"M5 3v4\"><\/path><path d=\"M3 5h4\"><\/path><path d=\"M19 17v4\"><\/path><path d=\"M17 19h4\"><\/path><\/svg>\t\t\t\t\t<\/div>\n\t\t\t\t\t<h3 class=\"font-display text-2xl font-semibold mb-2\">15 rodziny<\/h3>\n\t\t\t\t\t<p class=\"text-muted-foreground leading-relaxed\">ka\u017cd\u0105 znamy z imienia jej matki<\/p>\n\t\t\t\t<\/div>\n\t\t\t\t\t\t\t<div class=\"bg-card border border-border rounded-3xl p-8 shadow-soft hover:shadow-honey transition-shadow\">\n\t\t\t\t\t<div class=\"h-14 w-14 rounded-2xl bg-gradient-honey flex items-center justify-center mb-5 shadow-honey\">\n\t\t\t\t\t\t<svg xmlns=\"http:\/\/www.w3.org\/2000\/svg\" viewBox=\"0 0 24 24\" class=\"h-6 w-6 text-primary-foreground\" fill=\"none\" stroke=\"currentColor\" stroke-width=\"2\" stroke-linecap=\"round\" stroke-linejoin=\"round\" aria-hidden=\"true\" focusable=\"false\"><path d=\"M20 10c0 5-8 12-8 12S4 15 4 10a8 8 0 1 1 16 0Z\"><\/path><circle cx=\"12\" cy=\"10\" r=\"3\"><\/circle><\/svg>\t\t\t\t\t<\/div>\n\t\t\t\t\t<h3 class=\"font-display text-2xl font-semibold mb-2\">0 km do natury<\/h3>\n\t\t\t\t\t<p class=\"text-muted-foreground leading-relaxed\">z dala od p\u00f3l uprawnych i miast<\/p>\n\t\t\t\t<\/div>\n\t\t\t\t\t<\/div>\n\t<\/section>\n\t\n\n\t<section class=\"container py-20\">\n\t\t<div class=\"grid lg:grid-cols-2 gap-16 items-center\">\n\t\t\t\t\t\t<div>\n\t\t\t\t\t\t\t\t\t<span class=\"text-primary font-medium uppercase tracking-widest text-sm\">Nasze miejsce<\/span>\n\t\t\t\t\t\t\t\t<h2 class=\"font-display text-4xl md:text-5xl font-bold mt-3 mb-6 leading-tight\">Tam, gdzie <em class=\"text-gradient-honey not-italic\">pszczo\u0142y s\u0105 w domu<\/em><\/h2>\n\t\t\t\t\t\t\t\t\t<p class=\"text-muted-foreground text-lg leading-relaxed mb-5\">Nasze ule stoj\u0105 w dw\u00f3ch malowniczych miejscach: na rozleg\u0142ej \u0142\u0105ce pe\u0142nej polnych kwiat\u00f3w, w starym sadzie jab\u0142oniowym oraz w cieniu kilkudziesi\u0119cioletnich lip.<\/p>\n\t\t\t\t\t\t\t\t\t<p class=\"text-muted-foreground text-lg leading-relaxed mb-5\">\u015awiadomie wybrali\u015bmy okolic\u0119 z dala od p\u00f3l traktowanych chemi\u0105. Dzi\u0119ki temu nasz mi\u00f3d jest naprawd\u0119 czysty.<\/p>\n\t\t\t\t\t\t\t\t\t\t\t\t\t<a href=\"https:\/\/new.pasiekauanety.pl\/kontakt\/\" class=\"inline-flex items-center gap-2 text-primary font-semibold hover:gap-3 transition-all\">\n\t\t\t\t\t\tUm\u00f3w si\u0119 na zwiedzanie pasieki <svg xmlns=\"http:\/\/www.w3.org\/2000\/svg\" viewBox=\"0 0 24 24\" class=\"h-4 w-4\" fill=\"none\" stroke=\"currentColor\" stroke-width=\"2\" stroke-linecap=\"round\" stroke-linejoin=\"round\" aria-hidden=\"true\" focusable=\"false\"><path d=\"M5 12h14\"><\/path><path d=\"m13 6 6 6-6 6\"><\/path><\/svg>\t\t\t\t\t<\/a>\n\t\t\t\t\t\t\t<\/div>\n\t\t\t\t\t\t\t<div class=\"relative\"><div class=\"aspect-[4\/5] rounded-[3rem] overflow-hidden shadow-honey\"><img decoding=\"async\" src=\"http:\/\/new.pasiekauanety.pl\/wp-content\/uploads\/2026\/04\/apiary-frame.jpg\" alt=\"Pszczelarz trzymaj\u0105cy ramk\u0119 z pszczo\u0142ami\" class=\"w-full h-full object-cover\" loading=\"lazy\"><\/div><\/div>\t\t\t\t\t<\/div>\n\t<\/section>\n\t\n\n\t<section class=\"container py-20\">\n\t\t\t<div class=\"text-center max-w-2xl mx-auto mb-12\">\n\t\t\t\t\t<span class=\"text-primary font-medium uppercase tracking-widest text-sm\">Galeria<\/span>\n\t\t\t\t\t\t\t<h2 class=\"font-display text-4xl md:text-5xl font-bold mt-3 mb-3\">Zajrzyj do nas<\/h2>\n\t\t\t\t\t\t\t<p class=\"text-muted-foreground text-lg\">Zdj\u0119cia z r\u00f3\u017cnych p\u00f3r roku &#8211; od pierwszych oblot\u00f3w po zbi\u00f3r miodu.<\/p>\n\t\t\t<\/div>\n\t\t\t<div class=\"grid grid-cols-2 lg:grid-cols-4 auto-rows-[180px] md:auto-rows-[220px] gap-4\">\n\t\t\t\t\t\t\t<div class=\"relative rounded-3xl overflow-hidden shadow-soft hover:shadow-honey transition-shadow group lg:col-span-2 lg:row-span-2\">\n\t\t\t\t\t<img decoding=\"async\" src=\"http:\/\/new.pasiekauanety.pl\/wp-content\/uploads\/2026\/04\/apiary.jpg\" alt=\"Pasieka w\u015br\u00f3d \u0142\u0105ki\" class=\"w-full h-full object-cover group-hover:scale-110 transition-transform duration-700\" loading=\"lazy\">\t\t\t\t<\/div>\n\t\t\t\t\t\t\t<div class=\"relative rounded-3xl overflow-hidden shadow-soft hover:shadow-honey transition-shadow group \">\n\t\t\t\t\t<img decoding=\"async\" src=\"http:\/\/new.pasiekauanety.pl\/wp-content\/uploads\/2026\/04\/apiary-frame.jpg\" alt=\"Ramka z plastrami i pszczo\u0142ami\" class=\"w-full h-full object-cover group-hover:scale-110 transition-transform duration-700\" loading=\"lazy\">\t\t\t\t<\/div>\n\t\t\t\t\t\t\t<div class=\"relative rounded-3xl overflow-hidden shadow-soft hover:shadow-honey transition-shadow group \">\n\t\t\t\t\t<img decoding=\"async\" src=\"http:\/\/new.pasiekauanety.pl\/wp-content\/uploads\/2026\/04\/beekeeper.jpg\" alt=\"Aneta przy ulu\" class=\"w-full h-full object-cover group-hover:scale-110 transition-transform duration-700\" loading=\"lazy\">\t\t\t\t<\/div>\n\t\t\t\t\t\t\t<div class=\"relative rounded-3xl overflow-hidden shadow-soft hover:shadow-honey transition-shadow group \">\n\t\t\t\t\t<img decoding=\"async\" src=\"http:\/\/new.pasiekauanety.pl\/wp-content\/uploads\/2026\/04\/blog-hives.jpg\" alt=\"Drewniane ule\" class=\"w-full h-full object-cover group-hover:scale-110 transition-transform duration-700\" loading=\"lazy\">\t\t\t\t<\/div>\n\t\t\t\t\t\t\t<div class=\"relative rounded-3xl overflow-hidden shadow-soft hover:shadow-honey transition-shadow group \">\n\t\t\t\t\t<img decoding=\"async\" src=\"http:\/\/new.pasiekauanety.pl\/wp-content\/uploads\/2026\/04\/honeycomb.jpg\" alt=\"Plaster miodu\" class=\"w-full h-full object-cover group-hover:scale-110 transition-transform duration-700\" loading=\"lazy\">\t\t\t\t<\/div>\n\t\t\t\t\t\t\t<div class=\"relative rounded-3xl overflow-hidden shadow-soft hover:shadow-honey transition-shadow group \">\n\t\t\t\t\t<img decoding=\"async\" src=\"http:\/\/new.pasiekauanety.pl\/wp-content\/uploads\/2026\/04\/blog-spring.jpg\" alt=\"Wiosenne kwiaty wok\u00f3\u0142 pasieki\" class=\"w-full h-full object-cover group-hover:scale-110 transition-transform duration-700\" loading=\"lazy\">\t\t\t\t<\/div>\n\t\t\t\t\t\t\t<div class=\"relative rounded-3xl overflow-hidden shadow-soft hover:shadow-honey transition-shadow group \">\n\t\t\t\t\t<img decoding=\"async\" src=\"http:\/\/new.pasiekauanety.pl\/wp-content\/uploads\/2026\/04\/honey-jar.jpg\" alt=\"S\u0142oik \u015bwie\u017cego miodu\" class=\"w-full h-full object-cover group-hover:scale-110 transition-transform duration-700\" loading=\"lazy\">\t\t\t\t<\/div>\n\t\t\t\t\t<\/div>\n\t<\/section>\n\t\n\n\t\t<section class=\"container py-20\">\n\t\t\t<div class=\"bg-gradient-honey rounded-[3rem] p-12 md:p-16 text-center text-primary-foreground\">\n\t\t\t\t<h2 class=\"font-display text-3xl md:text-4xl font-bold mb-3\">Odwied\u017a pasiek\u0119<\/h2>\n\t\t\t\t<p class=\"opacity-90 mb-7 max-w-xl mx-auto\">Organizuje oprowadzanie po pasiece dla rodzin, szk\u00f3\u0142 i grup zainteresowanych pszczelarstwem. Skontaktuj si\u0119 ze mn\u0105<\/p>\n\t\t\t\t<a href=\"https:\/\/new.pasiekauanety.pl\/kontakt\/\" class=\"inline-flex items-center gap-2 px-8 py-4 rounded-full bg-background text-foreground font-semibold hover:-translate-y-0.5 transition-transform\">\n\t\t\t\t\tZaplanuj wizyt\u0119 <svg xmlns=\"http:\/\/www.w3.org\/2000\/svg\" viewBox=\"0 0 24 24\" class=\"h-4 w-4\" fill=\"none\" stroke=\"currentColor\" stroke-width=\"2\" stroke-linecap=\"round\" stroke-linejoin=\"round\" aria-hidden=\"true\" focusable=\"false\"><path d=\"M5 12h14\"><\/path><path d=\"m13 6 6 6-6 6\"><\/path><\/svg>\t\t\t\t<\/a>\n\t\t\t<\/div>\n\t\t<\/section>\n\t\t","protected":false},"excerpt":{"rendered":"","protected":false},"author":1,"featured_media":0,"parent":0,"menu_order":0,"comment_status":"closed","ping_status":"closed","template":"","meta":{"footnotes":""},"class_list":["post-98","page","type-page","status-publish","hentry"],"_links":{"self":[{"href":"https:\/\/new.pasiekauanety.pl\/index.php?rest_route=\/wp\/v2\/pages\/98","targetHints":{"allow":["GET"]}}],"collection":[{"href":"https:\/\/new.pasiekauanety.pl\/index.php?rest_route=\/wp\/v2\/pages"}],"about":[{"href":"https:\/\/new.pasiekauanety.pl\/index.php?rest_route=\/wp\/v2\/types\/page"}],"author":[{"embeddable":true,"href":"https:\/\/new.pasiekauanety.pl\/index.php?rest_route=\/wp\/v2\/users\/1"}],"replies":[{"embeddable":true,"href":"https:\/\/new.pasiekauanety.pl\/index.php?rest_route=%2Fwp%2Fv2%2Fcomments&post=98"}],"version-history":[{"count":2,"href":"https:\/\/new.pasiekauanety.pl\/index.php?rest_route=\/wp\/v2\/pages\/98\/revisions"}],"predecessor-version":[{"id":375,"href":"https:\/\/new.pasiekauanety.pl\/index.php?rest_route=\/wp\/v2\/pages\/98\/revisions\/375"}],"wp:attachment":[{"href":"https:\/\/new.pasiekauanety.pl\/index.php?rest_route=%2Fwp%2Fv2%2Fmedia&parent=98"}],"curies":[{"name":"wp","href":"https:\/\/api.w.org\/{rel}","templated":true}]}}