{"id":103,"date":"2026-04-17T08:59:00","date_gmt":"2026-04-17T08:59:00","guid":{"rendered":"https:\/\/new.pasiekauanety.pl\/budowa-ula-2\/"},"modified":"2026-04-17T08:59:00","modified_gmt":"2026-04-17T08:59:00","slug":"budowa-ula-2","status":"publish","type":"page","link":"https:\/\/new.pasiekauanety.pl\/budowa-ula-2\/","title":{"rendered":"Budowa ula"},"content":{"rendered":"\t<section class=\"relative overflow-hidden\">\n\t\t<div class=\"absolute inset-0\">\n\t\t\t<img decoding=\"async\" src=\"http:\/\/new.pasiekauanety.pl\/wp-content\/uploads\/2026\/04\/hive-anatomy.jpg\" alt=\"Drewniany ul z plastrami\" class=\"w-full h-full object-cover\">\t\t\t<div class=\"absolute inset-0 bg-gradient-to-r from-honey-deep\/80 via-honey-deep\/55 to-transparent\"><\/div>\n\t\t<\/div>\n\t\t<div class=\"relative container py-24 md:py-36\">\n\t\t\t<div class=\"max-w-2xl text-background\">\n\t\t\t\t\t\t\t\t\t<span class=\"inline-flex items-center gap-2 px-4 py-1.5 rounded-full bg-background\/15 backdrop-blur-sm border border-background\/20 text-sm font-medium mb-5\">\n\t\t\t\t\t\t<svg xmlns=\"http:\/\/www.w3.org\/2000\/svg\" viewBox=\"0 0 24 24\" class=\"h-3.5 w-3.5\" fill=\"none\" stroke=\"currentColor\" stroke-width=\"2\" stroke-linecap=\"round\" stroke-linejoin=\"round\" aria-hidden=\"true\" focusable=\"false\"><path d=\"m3 11 9-8 9 8\"><\/path><path d=\"M5 10v10h14V10\"><\/path><\/svg>\t\t\t\t\t\tCiekawostka\t\t\t\t\t<\/span>\n\t\t\t\t\t\t\t\t<h1 class=\"font-display text-5xl md:text-6xl lg:text-7xl font-bold leading-[0.95] mb-5\">Jak zbudowany jest <em class=\"text-primary-glow not-italic\">ul<\/em>?<\/h1>\n\t\t\t\t\t\t\t\t\t<p class=\"text-lg md:text-xl opacity-90 max-w-xl leading-relaxed\">Pozornie zwyk\u0142a drewniana skrzynia &#8211; w \u015brodku jednak doskonale przemy\u015blana architektura.<\/p>\n\t\t\t\t\t\t\t<\/div>\n\t\t<\/div>\n\t<\/section>\n\t\t<section class=\"container py-20\">\n\t\t<div class=\"grid lg:grid-cols-2 gap-16 items-center\">\n\t\t\t\t\t\t<div>\n\t\t\t\t\t\t\t\t\t<span class=\"text-primary font-medium uppercase tracking-widest text-sm\">Architektura ula<\/span>\n\t\t\t\t\t\t\t\t<h2 class=\"font-display text-4xl md:text-5xl font-bold mt-3 mb-6 leading-tight\">Dom dla <em class=\"text-gradient-honey not-italic\">60 tysi\u0119cy<\/em> mieszka\u0144c\u00f3w<\/h2>\n\t\t\t\t\t\t\t\t\t<p class=\"text-muted-foreground text-lg leading-relaxed mb-5\">Wsp\u00f3\u0142czesny ul ramowy to wynalazek z po\u0142owy XIX wieku, kt\u00f3ry zrewolucjonizowa\u0142 pszczelarstwo.<\/p>\n\t\t\t\t\t\t\t\t\t<p class=\"text-muted-foreground text-lg leading-relaxed mb-5\">Ka\u017cdy element ma swoje zadanie i wymiary podyktowane biologi\u0105 pszcz\u00f3\u0142.<\/p>\n\t\t\t\t\t\t\t\t\t\t\t<\/div>\n\t\t\t\t\t\t\t<div class=\"relative\"><div class=\"aspect-[4\/5] rounded-[3rem] overflow-hidden shadow-honey\"><img decoding=\"async\" src=\"http:\/\/new.pasiekauanety.pl\/wp-content\/uploads\/2026\/04\/hive-anatomy.jpg\" alt=\"Wn\u0119trze ula z ramkami\" class=\"w-full h-full object-cover\" loading=\"lazy\"><\/div><\/div>\t\t\t\t\t<\/div>\n\t<\/section>\n\t\t<section class=\"container py-20\">\n\t\t\t<div class=\"text-center max-w-2xl mx-auto mb-12\">\n\t\t\t\t\t\t\t<h2 class=\"font-display text-4xl md:text-5xl font-bold mt-3 mb-3\">Warstwy ula &#8211; od dachu po dennic\u0119<\/h2>\n\t\t\t\t\t\t\t<p class=\"text-muted-foreground text-lg\">Ka\u017cdy element pe\u0142ni konkretn\u0105 funkcj\u0119.<\/p>\n\t\t\t<\/div>\n\t\t\t<div class=\"max-w-3xl mx-auto space-y-4\">\n\t\t\t\t\t\t\t\t\t\t\t\t\t\t\t<div class=\"flex gap-5 bg-card border border-border rounded-3xl p-6 shadow-soft\">\n\t\t\t\t\t\t<div class=\"h-14 w-14 rounded-2xl bg-gradient-honey flex items-center justify-center shadow-honey shrink-0\">\n\t\t\t\t\t\t\t<svg xmlns=\"http:\/\/www.w3.org\/2000\/svg\" viewBox=\"0 0 24 24\" class=\"h-6 w-6 text-primary-foreground\" fill=\"none\" stroke=\"currentColor\" stroke-width=\"2\" stroke-linecap=\"round\" stroke-linejoin=\"round\" aria-hidden=\"true\" focusable=\"false\"><path d=\"m2 6 5 5 5-8 5 8 5-5-2 12H4Z\"><\/path><\/svg>\t\t\t\t\t\t<\/div>\n\t\t\t\t\t\t<div class=\"flex-1\">\n\t\t\t\t\t\t\t<div class=\"flex items-baseline gap-3 mb-1\">\n\t\t\t\t\t\t\t\t<span class=\"font-display text-xs text-primary font-bold\">01<\/span>\n\t\t\t\t\t\t\t\t<h3 class=\"font-display text-xl font-semibold\">Daszek<\/h3>\n\t\t\t\t\t\t\t<\/div>\n\t\t\t\t\t\t\t<p class=\"text-muted-foreground leading-relaxed\">Wodoodporny dach pokryty blach\u0105 &#8211; chroni przed deszczem i \u015bniegiem.<\/p>\n\t\t\t\t\t\t<\/div>\n\t\t\t\t\t<\/div>\n\t\t\t\t\t\t\t\t\t\t\t\t\t\t\t\t<div class=\"flex gap-5 bg-card border border-border rounded-3xl p-6 shadow-soft\">\n\t\t\t\t\t\t<div class=\"h-14 w-14 rounded-2xl bg-gradient-honey flex items-center justify-center shadow-honey shrink-0\">\n\t\t\t\t\t\t\t<svg xmlns=\"http:\/\/www.w3.org\/2000\/svg\" viewBox=\"0 0 24 24\" class=\"h-6 w-6 text-primary-foreground\" fill=\"none\" stroke=\"currentColor\" stroke-width=\"2\" stroke-linecap=\"round\" stroke-linejoin=\"round\" aria-hidden=\"true\" focusable=\"false\"><path d=\"M3 8h11a3 3 0 1 0-3-3\"><\/path><path d=\"M3 12h15a3 3 0 1 1-3 3\"><\/path><path d=\"M3 16h7\"><\/path><\/svg>\t\t\t\t\t\t<\/div>\n\t\t\t\t\t\t<div class=\"flex-1\">\n\t\t\t\t\t\t\t<div class=\"flex items-baseline gap-3 mb-1\">\n\t\t\t\t\t\t\t\t<span class=\"font-display text-xs text-primary font-bold\">02<\/span>\n\t\t\t\t\t\t\t\t<h3 class=\"font-display text-xl font-semibold\">Powa\u0142a<\/h3>\n\t\t\t\t\t\t\t<\/div>\n\t\t\t\t\t\t\t<p class=\"text-muted-foreground leading-relaxed\">Pozioma przegroda z otworem do karmienia i wentylacji.<\/p>\n\t\t\t\t\t\t<\/div>\n\t\t\t\t\t<\/div>\n\t\t\t\t\t\t\t\t\t\t\t\t\t\t\t\t<div class=\"flex gap-5 bg-card border border-border rounded-3xl p-6 shadow-soft\">\n\t\t\t\t\t\t<div class=\"h-14 w-14 rounded-2xl bg-gradient-honey flex items-center justify-center shadow-honey shrink-0\">\n\t\t\t\t\t\t\t<svg xmlns=\"http:\/\/www.w3.org\/2000\/svg\" viewBox=\"0 0 24 24\" class=\"h-6 w-6 text-primary-foreground\" fill=\"none\" stroke=\"currentColor\" stroke-width=\"2\" stroke-linecap=\"round\" stroke-linejoin=\"round\" aria-hidden=\"true\" focusable=\"false\"><path d=\"m21 8-9-5-9 5 9 5Z\"><\/path><path d=\"M3 8v8l9 5 9-5V8\"><\/path><path d=\"M12 13v8\"><\/path><\/svg>\t\t\t\t\t\t<\/div>\n\t\t\t\t\t\t<div class=\"flex-1\">\n\t\t\t\t\t\t\t<div class=\"flex items-baseline gap-3 mb-1\">\n\t\t\t\t\t\t\t\t<span class=\"font-display text-xs text-primary font-bold\">03<\/span>\n\t\t\t\t\t\t\t\t<h3 class=\"font-display text-xl font-semibold\">Nadstawka<\/h3>\n\t\t\t\t\t\t\t<\/div>\n\t\t\t\t\t\t\t<p class=\"text-muted-foreground leading-relaxed\">G\u00f3rna skrzynia z ramkami, w kt\u00f3rych pszczo\u0142y gromadz\u0105 mi\u00f3d.<\/p>\n\t\t\t\t\t\t<\/div>\n\t\t\t\t\t<\/div>\n\t\t\t\t\t\t\t\t\t\t\t\t\t\t\t\t<div class=\"flex gap-5 bg-card border border-border rounded-3xl p-6 shadow-soft\">\n\t\t\t\t\t\t<div class=\"h-14 w-14 rounded-2xl bg-gradient-honey flex items-center justify-center shadow-honey shrink-0\">\n\t\t\t\t\t\t\t<svg xmlns=\"http:\/\/www.w3.org\/2000\/svg\" viewBox=\"0 0 24 24\" class=\"h-6 w-6 text-primary-foreground\" fill=\"none\" stroke=\"currentColor\" stroke-width=\"2\" stroke-linecap=\"round\" stroke-linejoin=\"round\" aria-hidden=\"true\" focusable=\"false\"><path d=\"m12 2 10 5-10 5L2 7Z\"><\/path><path d=\"m2 17 10 5 10-5\"><\/path><path d=\"m2 12 10 5 10-5\"><\/path><\/svg>\t\t\t\t\t\t<\/div>\n\t\t\t\t\t\t<div class=\"flex-1\">\n\t\t\t\t\t\t\t<div class=\"flex items-baseline gap-3 mb-1\">\n\t\t\t\t\t\t\t\t<span class=\"font-display text-xs text-primary font-bold\">04<\/span>\n\t\t\t\t\t\t\t\t<h3 class=\"font-display text-xl font-semibold\">Krata odgrodowa<\/h3>\n\t\t\t\t\t\t\t<\/div>\n\t\t\t\t\t\t\t<p class=\"text-muted-foreground leading-relaxed\">Metalowa siatka, przez kt\u00f3r\u0105 przechodz\u0105 tylko robotnice.<\/p>\n\t\t\t\t\t\t<\/div>\n\t\t\t\t\t<\/div>\n\t\t\t\t\t\t\t\t\t\t\t\t\t\t\t\t<div class=\"flex gap-5 bg-card border border-border rounded-3xl p-6 shadow-soft\">\n\t\t\t\t\t\t<div class=\"h-14 w-14 rounded-2xl bg-gradient-honey flex items-center justify-center shadow-honey shrink-0\">\n\t\t\t\t\t\t\t<svg xmlns=\"http:\/\/www.w3.org\/2000\/svg\" viewBox=\"0 0 24 24\" class=\"h-6 w-6 text-primary-foreground\" fill=\"none\" stroke=\"currentColor\" stroke-width=\"2\" stroke-linecap=\"round\" stroke-linejoin=\"round\" aria-hidden=\"true\" focusable=\"false\"><path d=\"m3 11 9-8 9 8\"><\/path><path d=\"M5 10v10h14V10\"><\/path><\/svg>\t\t\t\t\t\t<\/div>\n\t\t\t\t\t\t<div class=\"flex-1\">\n\t\t\t\t\t\t\t<div class=\"flex items-baseline gap-3 mb-1\">\n\t\t\t\t\t\t\t\t<span class=\"font-display text-xs text-primary font-bold\">05<\/span>\n\t\t\t\t\t\t\t\t<h3 class=\"font-display text-xl font-semibold\">Gniazdo<\/h3>\n\t\t\t\t\t\t\t<\/div>\n\t\t\t\t\t\t\t<p class=\"text-muted-foreground leading-relaxed\">Serce ula. Tu matka sk\u0142ada jaja i rosn\u0105 larwy.<\/p>\n\t\t\t\t\t\t<\/div>\n\t\t\t\t\t<\/div>\n\t\t\t\t\t\t\t\t\t\t\t\t\t\t\t\t<div class=\"flex gap-5 bg-card border border-border rounded-3xl p-6 shadow-soft\">\n\t\t\t\t\t\t<div class=\"h-14 w-14 rounded-2xl bg-gradient-honey flex items-center justify-center shadow-honey shrink-0\">\n\t\t\t\t\t\t\t<svg xmlns=\"http:\/\/www.w3.org\/2000\/svg\" viewBox=\"0 0 24 24\" class=\"h-6 w-6 text-primary-foreground\" fill=\"none\" stroke=\"currentColor\" stroke-width=\"2\" stroke-linecap=\"round\" stroke-linejoin=\"round\" aria-hidden=\"true\" focusable=\"false\"><path d=\"m3 11 9-8 9 8\"><\/path><path d=\"M5 10v10h14V10\"><\/path><\/svg>\t\t\t\t\t\t<\/div>\n\t\t\t\t\t\t<div class=\"flex-1\">\n\t\t\t\t\t\t\t<div class=\"flex items-baseline gap-3 mb-1\">\n\t\t\t\t\t\t\t\t<span class=\"font-display text-xs text-primary font-bold\">06<\/span>\n\t\t\t\t\t\t\t\t<h3 class=\"font-display text-xl font-semibold\">Dennica z wylotkiem<\/h3>\n\t\t\t\t\t\t\t<\/div>\n\t\t\t\t\t\t\t<p class=\"text-muted-foreground leading-relaxed\">Pod\u0142oga ula z otworem wej\u015bciowym.<\/p>\n\t\t\t\t\t\t<\/div>\n\t\t\t\t\t<\/div>\n\t\t\t\t\t\t\t\t\t\t\t\t<\/div>\n\t<\/section>\n\t\t<section class=\"container py-20\">\n\t\t<div class=\"bg-gradient-honey rounded-[3rem] p-10 md:p-14 text-primary-foreground\">\n\t\t\t<h2 class=\"font-display text-3xl md:text-4xl font-bold mb-10 text-center\">Ul w liczbach<\/h2>\n\t\t\t<div class=\"grid sm:grid-cols-2 lg:grid-cols-4 gap-8\">\n\t\t\t\t\t\t\t\t\t<div class=\"text-center\">\n\t\t\t\t\t\t<div class=\"font-display text-5xl md:text-6xl font-bold mb-2\">10-15<\/div>\n\t\t\t\t\t\t<div class=\"text-sm opacity-90 uppercase tracking-widest\">ramek w jednym korpusie<\/div>\n\t\t\t\t\t<\/div>\n\t\t\t\t\t\t\t\t\t<div class=\"text-center\">\n\t\t\t\t\t\t<div class=\"font-display text-5xl md:text-6xl font-bold mb-2\">60 000<\/div>\n\t\t\t\t\t\t<div class=\"text-sm opacity-90 uppercase tracking-widest\">pszcz\u00f3\u0142 w pe\u0142ni sezonu<\/div>\n\t\t\t\t\t<\/div>\n\t\t\t\t\t\t\t\t\t<div class=\"text-center\">\n\t\t\t\t\t\t<div class=\"font-display text-5xl md:text-6xl font-bold mb-2\">35\u00b0C<\/div>\n\t\t\t\t\t\t<div class=\"text-sm opacity-90 uppercase tracking-widest\">sta\u0142ej temperatury w gnie\u017adzie<\/div>\n\t\t\t\t\t<\/div>\n\t\t\t\t\t\t\t\t\t<div class=\"text-center\">\n\t\t\t\t\t\t<div class=\"font-display text-5xl md:text-6xl font-bold mb-2\">1 mm<\/div>\n\t\t\t\t\t\t<div class=\"text-sm opacity-90 uppercase tracking-widest\">tzw. przestrze\u0144 pszczela<\/div>\n\t\t\t\t\t<\/div>\n\t\t\t\t\t\t\t<\/div>\n\t\t<\/div>\n\t<\/section>\n\t","protected":false},"excerpt":{"rendered":"","protected":false},"author":1,"featured_media":0,"parent":0,"menu_order":0,"comment_status":"closed","ping_status":"closed","template":"","meta":{"footnotes":""},"class_list":["post-103","page","type-page","status-publish","hentry"],"_links":{"self":[{"href":"https:\/\/new.pasiekauanety.pl\/index.php?rest_route=\/wp\/v2\/pages\/103","targetHints":{"allow":["GET"]}}],"collection":[{"href":"https:\/\/new.pasiekauanety.pl\/index.php?rest_route=\/wp\/v2\/pages"}],"about":[{"href":"https:\/\/new.pasiekauanety.pl\/index.php?rest_route=\/wp\/v2\/types\/page"}],"author":[{"embeddable":true,"href":"https:\/\/new.pasiekauanety.pl\/index.php?rest_route=\/wp\/v2\/users\/1"}],"replies":[{"embeddable":true,"href":"https:\/\/new.pasiekauanety.pl\/index.php?rest_route=%2Fwp%2Fv2%2Fcomments&post=103"}],"version-history":[{"count":0,"href":"https:\/\/new.pasiekauanety.pl\/index.php?rest_route=\/wp\/v2\/pages\/103\/revisions"}],"wp:attachment":[{"href":"https:\/\/new.pasiekauanety.pl\/index.php?rest_route=%2Fwp%2Fv2%2Fmedia&parent=103"}],"curies":[{"name":"wp","href":"https:\/\/api.w.org\/{rel}","templated":true}]}}